divided by 319.
257
Calculate the remainder when 3814 is divided by 703.
299
Calculate the remainder when 2268 is divided by 2211.
57
Calculate the remainder when 1651 is divided by 434.
349
What is the remainder when 131093 is divided by 28?
25
What is the remainder when 5715 is divided by 99?
72
What is the remainder when 3916 is divided by 1921?
74
What is the remainder when 22535 is divided by 35?
30
What is the remainder when 213 is divided by 48?
21
Calculate the remainder when 2907 is divided by 461.
141
Calculate the remainder when 12687 is divided by 27.
24
Calculate the remainder when 2980575 is divided by 34.
33
What is the remainder when 2903 is divided by 69?
5
Calculate the remainder when 37860 is divided by 236.
100
Calculate the remainder when 11081 is divided by 60.
41
What is the remainder when 1126 is divided by 223?
11
Calculate the remainder when 162239 is divided by 94.
89
What is the remainder when 4673 is divided by 404?
229
Calculate the remainder when 8030 is divided by 7940.
90
Calculate the remainder when 60055 is divided by 10007.
13
What is the remainder when 1201 is divided by 377?
70
Calculate the remainder when 170685 is divided by 448.
445
What is the remainder when 50281 is divided by 58?
53
Calculate the remainder when 147026 is divided by 39.
35
Calculate the remainder when 57243 is divided by 131.
127
What is the remainder when 250254 is divided by 16?
14
Calculate the remainder when 5290624 is divided by 14.
10
Calculate the remainder when 980 is divided by 26.
18
What is the remainder when 1564607 is divided by 194?
191
What is the remainder when 59610 is divided by 55?
45
Calculate the remainder when 10266 is divided by 1462.
32
Calculate the remainder when 9624 is divided by 35.
34
Calculate the remainder when 759898 is divided by 5.
3
Calculate the remainder when 5365 is divided by 38.
7
Calculate the remainder when 18707 is divided by 2090.
1987
What is the remainder when 28412 is divided by 5?
2
What is the remainder when 4196 is divided by 1944?
308
What is the remainder when 84326 is divided by 7666?
0
Calculate the remainder when 18936 is divided by 3155.
6
Calculate the remainder when 20384 is divided by 556.
368
What is the remainder when 2449 is divided by 31?
0
What is the remainder when 94093 is divided by 14?
13
Calculate the remainder when 1805865 is divided by 23.
20
Calculate the remainder when 1409358 is divided by 318.
300
Calculate the remainder when 20811 is divided by 2971.
14
What is the remainder when 272646 is divided by 1435?
1431
What is the remainder when 907 is divided by 30?
7
Calculate the remainder when 1865 is divided by 234.
227
What is the remainder when 1346 is divided by 548?
250
What is the remainder when 12650 is divided by 6137?
376
What is the remainder when 89883 is divided by 71?
68
Calculate the remainder when 231767 is divided by 2033.
5
Calculate the remainder when 10837 is divided by 337.
53
What is the remainder when 23567 is divided by 193?
21
What is the remainder when 4806 is divided by 104?
22
Calculate the remainder when 83793 is divided by 26.
21
What is the remainder when 585 is divided by 421?
164
Calculate the remainder when 5373 is divided by 2.
1
What is the remainder when 6808 is divided by 1116?
112
What is the remainder when 14414 is divided by 13530?
884
What is the remainder when 885 is divided by 171?
30
Calculate the remainder when 14896 is divided by 30.
16
What is the remainder when 872708 is divided by 1173?
1169
Calculate the remainder when 151261 is divided by 75623.
15
Calculate the remainder when 256414 is divided by 32.
30
Calculate the remainder when 13578 is divided by 3333.
246
What is the remainder when 1934 is divided by 24?
14
Calculate the remainder when 270201 is divided by 534.
531
Calculate the remainder when 20468 is divided by 394.
374
What is the remainder when 650 is divided by 177?
119
Calculate the remainder when 18029 is divided by 566.
483
What is the remainder when 7654 is divided by 381?
34
What is the remainder when 951 is divided by 430?
91
What is the remainder when 4000 is divided by 290?
230
What is the remainder when 8222 is divided by 204?
62
What is the remainder when 6550 is divided by 1343?
1178
What is the remainder when 182795 is divided by 29?
8
What is the remainder when 78256 is divided by 190?
166
Calculate the remainder when 178987 is divided by 1316.
11
What is the remainder when 598554 is divided by 24?
18
Calculate the remainder when 75219 is divided by 396.
375
What is the remainder when 15342 is divided by 129?
120
Calculate the remainder when 6454 is divided by 1282.
44
What is the remainder when 676 is divided by 134?
6
What is the remainder when 6396 is divided by 1563?
144
Calculate the remainder when 434229 is divided by 978.
975
Calculate the remainder when 1522 is divided by 1231.
291
Calculate the remainder when 27536 is divided by 222.
8
Calculate the remainder when 15900 is divided by 35.
10
Calculate the remainder when 15004 is divided by 21.
10
What is the remainder when 679 is divided by 25?
4
What is the remainder when 51927 is divided by 8?
7
What is the remainder when 2382 is divided by 660?
402
Calculate the remainder when 1549 is divided by 382.
21
What is the remainder when 31552 is divided by 1016?
56
What is the remainder when 53777 is divided by 283?
7
Calculate the remainder when 2419285 is divided by 697.
695
What is the remainder when 9163 is divided by 62?
49
What is the remainder when 89471 is divided by 6880?
31
What is the remainder when 591 is divided by 247?
97
Calculate the remainder when 216519 is divided by 23.
20
Calculate the remainder when 15403 is divided by 261.
4
Calculate the remainder when 14708 is divided by 4786.
350
Calculate the remainder when 3315 is divided by 51.
0
What is the remainder when 9386 is divided by 22?
14
What is the remainder when 1575 is divided by 1138?
437
Calculate the remainder when 26217 is divided by 5215.
142
What is the remainder when 2416 is divided by 161?
1
Calculate the remainder when 4155 is divided by 1642.
871
What is the remainder when 138632 is divided by 11551?
20
Calculate the remainder when 4232 is divided by 28.
4
What is the remainder when 21518 is divided by 5358?
86
Calculate the remainder when 1273 is divided by 48.
25
Calculate the remainder when 88210 is divided by 140.
10
What is the remainder when 7048 is divided by 2294?
166
Calculate the remainder when 7566 is divided by 336.
174
What is the remainder when 6093 is divided by 272?
109
Calculate the remainder when 10296 is divided by 184.
176
Calculate the remainder when 280987 is divided by 297.
25
Calculate the remainder when 61707 is divided by 726.
723
Calculate the remainder when 15271647 is divided by 224.
223
Calculate the remainder when 8162 is divided by 86.
78
What is the remainder when 81328 is divided by 40656?
16
What is the remainder when 3098 is divided by 5?
3
Calculate the remainder when 709986 is divided by 394.
392
What is the remainder when 195 is divided by 23?
11
What is the remainder when 16749 is divided by 193?
151
Calculate the remainder when 2196 is divided by 100.
96
Calculate the remainder when 610 is divided by 165.
115
Calculate the remainder when 7234 is divided by 1188.
106
What is the remainder when 19967 is divided by 258?
101
Calculate the remainder when 600724 is divided by 51.
46
What is the remainder when 1146 is divided by 31?
30
What is the remainder when 10037 is divided by 2503?
25
What is the remainder when 73337 is divided by 20?
17
Calculate the remainder when 2096 is divided by 74.
24
What is the remainder when 3429 is divided by 158?
111
Calculate the remainder when 23037 is divided by 11467.
103
Calculate the remainder when 54679 is divided by 13645.
99
Calculate the remainder when 49826 is divided by 104.
10
What is the remainder when 62548 is divided by 31252?
44
What is the remainder when 484056 is divided by 84?
48
What is the remainder when 924058 is divided by 16?
10
What is the remainder when 4841 is divided by 18?
17
Calculate the remainder when 235793 is divided by 516.
497
What is the remainder when 2094 is divided by 101?
74
Calculate the remainder when 2172259 is divided by 118.
115
Ca